{"id":593,"date":"2013-12-29T19:13:34","date_gmt":"2013-12-29T18:13:34","guid":{"rendered":"https:\/\/www.xvdl.be\/?page_id=593"},"modified":"2024-02-26T13:50:46","modified_gmt":"2024-02-26T12:50:46","slug":"expertises-judiciaires","status":"publish","type":"page","link":"https:\/\/www.xvdl.be\/fr\/expertises-judiciaires\/","title":{"rendered":"Expertises judiciaires"},"content":{"rendered":"<p>L&rsquo;architecte Xavier Vanderlinden est r\u00e9guli\u00e8rement d\u00e9sign\u00e9 par les tribunaux pour conduire des missions d&rsquo;expertise dans le domaine du b\u00e2timent.<\/p>\n<p>La construction est une activit\u00e9 peu industrialis\u00e9e o\u00f9 le facteur humain est encore pr\u00e9pond\u00e9rant. M\u00eame s&rsquo;il est noble, le facteur humain peut davantage causer des erreurs, des conflits&#8230; A travers la perception des conflits dans le b\u00e2timent, l&rsquo;architecte Xavier Vanderlinden trouve un enseignement qui pr\u00e9munit davantage sa propre client\u00e8le \u00e0 l&rsquo;encontre des erreurs dans le processus de construction.<\/p>\n<p>Ayant re\u00e7u mission aupr\u00e8s des Tribunaux de Termonde, Alost, Bruxelles, Tournai, Gand et Li\u00e8ge, force est de constater que bon nombre de conflits trouvent leur origines dans des processus de constructions qui ont \u00e9t\u00e9 \u00e9labor\u00e9s sans contre-pouvoir, notamment dans le cadre de constructions contract\u00e9es avec des promoteurs et des architectes quasi absents, des constructions avec plusieurs corps de m\u00e9tier mais sans chef d&rsquo;orchestre ou de coordinateur de travaux ou encore, des constructions avec des architectes mal r\u00e9mun\u00e9r\u00e9s et qui ne contr\u00f4lent pas les travaux&#8230;<\/p>\n","protected":false},"excerpt":{"rendered":"<p>L&rsquo;architecte Xavier Vanderlinden est r\u00e9guli\u00e8rement d\u00e9sign\u00e9 par les tribunaux pour conduire des missions d&rsquo;expertise dans le&#8230; <span class=\"moreLink\"><a href=\"https:\/\/www.xvdl.be\/fr\/expertises-judiciaires\/\">+<\/a><\/span><\/p>\n","protected":false},"author":1,"featured_media":0,"parent":0,"menu_order":0,"comment_status":"closed","ping_status":"open","template":"","meta":{"_acf_changed":false,"footnotes":""},"categories":[],"tags":[],"class_list":["post-593","page","type-page","status-publish","hentry"],"acf":[],"yoast_head":"<!-- This site is optimized with the Yoast SEO plugin v27.5 - https:\/\/yoast.com\/product\/yoast-seo-wordpress\/ -->\n<title>Expertises judiciaires - Xavier Vanderlinden Architecte<\/title>\n<meta name=\"robots\" content=\"index, follow, max-snippet:-1, max-image-preview:large, max-video-preview:-1\" \/>\n<link rel=\"canonical\" href=\"https:\/\/www.xvdl.be\/fr\/expertises-judiciaires\/\" \/>\n<meta property=\"og:locale\" content=\"fr_FR\" \/>\n<meta property=\"og:type\" content=\"article\" \/>\n<meta property=\"og:title\" content=\"Expertises judiciaires - Xavier Vanderlinden Architecte\" \/>\n<meta property=\"og:description\" content=\"L&rsquo;architecte Xavier Vanderlinden est r\u00e9guli\u00e8rement d\u00e9sign\u00e9 par les tribunaux pour conduire des missions d&rsquo;expertise dans le... +\" \/>\n<meta property=\"og:url\" content=\"https:\/\/www.xvdl.be\/fr\/expertises-judiciaires\/\" \/>\n<meta property=\"og:site_name\" content=\"Xavier Vanderlinden Architecte\" \/>\n<meta property=\"article:modified_time\" content=\"2024-02-26T12:50:46+00:00\" \/>\n<meta name=\"twitter:label1\" content=\"Dur\u00e9e de lecture estim\u00e9e\" \/>\n\t<meta name=\"twitter:data1\" content=\"1 minute\" \/>\n<script type=\"application\/ld+json\" class=\"yoast-schema-graph\">{\"@context\":\"https:\\\/\\\/schema.org\",\"@graph\":[{\"@type\":\"WebPage\",\"@id\":\"https:\\\/\\\/www.xvdl.be\\\/fr\\\/expertises-judiciaires\\\/\",\"url\":\"https:\\\/\\\/www.xvdl.be\\\/fr\\\/expertises-judiciaires\\\/\",\"name\":\"Expertises judiciaires - Xavier Vanderlinden Architecte\",\"isPartOf\":{\"@id\":\"https:\\\/\\\/www.xvdl.be\\\/fr\\\/#website\"},\"datePublished\":\"2013-12-29T18:13:34+00:00\",\"dateModified\":\"2024-02-26T12:50:46+00:00\",\"breadcrumb\":{\"@id\":\"https:\\\/\\\/www.xvdl.be\\\/fr\\\/expertises-judiciaires\\\/#breadcrumb\"},\"inLanguage\":\"fr-FR\",\"potentialAction\":[{\"@type\":\"ReadAction\",\"target\":[\"https:\\\/\\\/www.xvdl.be\\\/fr\\\/expertises-judiciaires\\\/\"]}]},{\"@type\":\"BreadcrumbList\",\"@id\":\"https:\\\/\\\/www.xvdl.be\\\/fr\\\/expertises-judiciaires\\\/#breadcrumb\",\"itemListElement\":[{\"@type\":\"ListItem\",\"position\":1,\"name\":\"Home\",\"item\":\"https:\\\/\\\/www.xvdl.be\\\/fr\\\/\"},{\"@type\":\"ListItem\",\"position\":2,\"name\":\"Expertises judiciaires\"}]},{\"@type\":\"WebSite\",\"@id\":\"https:\\\/\\\/www.xvdl.be\\\/fr\\\/#website\",\"url\":\"https:\\\/\\\/www.xvdl.be\\\/fr\\\/\",\"name\":\"Xavier Vanderlinden Architecte\",\"description\":\"Bureau d&#039;\u00e9tude en architecture classique et contemporaine\",\"publisher\":{\"@id\":\"https:\\\/\\\/www.xvdl.be\\\/fr\\\/#organization\"},\"potentialAction\":[{\"@type\":\"SearchAction\",\"target\":{\"@type\":\"EntryPoint\",\"urlTemplate\":\"https:\\\/\\\/www.xvdl.be\\\/fr\\\/?s={search_term_string}\"},\"query-input\":{\"@type\":\"PropertyValueSpecification\",\"valueRequired\":true,\"valueName\":\"search_term_string\"}}],\"inLanguage\":\"fr-FR\"},{\"@type\":\"Organization\",\"@id\":\"https:\\\/\\\/www.xvdl.be\\\/fr\\\/#organization\",\"name\":\"Xavier Vanderlinden Architecte\",\"url\":\"https:\\\/\\\/www.xvdl.be\\\/fr\\\/\",\"logo\":{\"@type\":\"ImageObject\",\"inLanguage\":\"fr-FR\",\"@id\":\"https:\\\/\\\/www.xvdl.be\\\/fr\\\/#\\\/schema\\\/logo\\\/image\\\/\",\"url\":\"https:\\\/\\\/www.xvdl.be\\\/wp-content\\\/uploads\\\/2022\\\/08\\\/XVDL_fb-image.jpg\",\"contentUrl\":\"https:\\\/\\\/www.xvdl.be\\\/wp-content\\\/uploads\\\/2022\\\/08\\\/XVDL_fb-image.jpg\",\"width\":1200,\"height\":630,\"caption\":\"Xavier Vanderlinden Architecte\"},\"image\":{\"@id\":\"https:\\\/\\\/www.xvdl.be\\\/fr\\\/#\\\/schema\\\/logo\\\/image\\\/\"}}]}<\/script>\n<!-- \/ Yoast SEO plugin. -->","yoast_head_json":{"title":"Expertises judiciaires - Xavier Vanderlinden Architecte","robots":{"index":"index","follow":"follow","max-snippet":"max-snippet:-1","max-image-preview":"max-image-preview:large","max-video-preview":"max-video-preview:-1"},"canonical":"https:\/\/www.xvdl.be\/fr\/expertises-judiciaires\/","og_locale":"fr_FR","og_type":"article","og_title":"Expertises judiciaires - Xavier Vanderlinden Architecte","og_description":"L&rsquo;architecte Xavier Vanderlinden est r\u00e9guli\u00e8rement d\u00e9sign\u00e9 par les tribunaux pour conduire des missions d&rsquo;expertise dans le... +","og_url":"https:\/\/www.xvdl.be\/fr\/expertises-judiciaires\/","og_site_name":"Xavier Vanderlinden Architecte","article_modified_time":"2024-02-26T12:50:46+00:00","twitter_misc":{"Dur\u00e9e de lecture estim\u00e9e":"1 minute"},"schema":{"@context":"https:\/\/schema.org","@graph":[{"@type":"WebPage","@id":"https:\/\/www.xvdl.be\/fr\/expertises-judiciaires\/","url":"https:\/\/www.xvdl.be\/fr\/expertises-judiciaires\/","name":"Expertises judiciaires - Xavier Vanderlinden Architecte","isPartOf":{"@id":"https:\/\/www.xvdl.be\/fr\/#website"},"datePublished":"2013-12-29T18:13:34+00:00","dateModified":"2024-02-26T12:50:46+00:00","breadcrumb":{"@id":"https:\/\/www.xvdl.be\/fr\/expertises-judiciaires\/#breadcrumb"},"inLanguage":"fr-FR","potentialAction":[{"@type":"ReadAction","target":["https:\/\/www.xvdl.be\/fr\/expertises-judiciaires\/"]}]},{"@type":"BreadcrumbList","@id":"https:\/\/www.xvdl.be\/fr\/expertises-judiciaires\/#breadcrumb","itemListElement":[{"@type":"ListItem","position":1,"name":"Home","item":"https:\/\/www.xvdl.be\/fr\/"},{"@type":"ListItem","position":2,"name":"Expertises judiciaires"}]},{"@type":"WebSite","@id":"https:\/\/www.xvdl.be\/fr\/#website","url":"https:\/\/www.xvdl.be\/fr\/","name":"Xavier Vanderlinden Architecte","description":"Bureau d&#039;\u00e9tude en architecture classique et contemporaine","publisher":{"@id":"https:\/\/www.xvdl.be\/fr\/#organization"},"potentialAction":[{"@type":"SearchAction","target":{"@type":"EntryPoint","urlTemplate":"https:\/\/www.xvdl.be\/fr\/?s={search_term_string}"},"query-input":{"@type":"PropertyValueSpecification","valueRequired":true,"valueName":"search_term_string"}}],"inLanguage":"fr-FR"},{"@type":"Organization","@id":"https:\/\/www.xvdl.be\/fr\/#organization","name":"Xavier Vanderlinden Architecte","url":"https:\/\/www.xvdl.be\/fr\/","logo":{"@type":"ImageObject","inLanguage":"fr-FR","@id":"https:\/\/www.xvdl.be\/fr\/#\/schema\/logo\/image\/","url":"https:\/\/www.xvdl.be\/wp-content\/uploads\/2022\/08\/XVDL_fb-image.jpg","contentUrl":"https:\/\/www.xvdl.be\/wp-content\/uploads\/2022\/08\/XVDL_fb-image.jpg","width":1200,"height":630,"caption":"Xavier Vanderlinden Architecte"},"image":{"@id":"https:\/\/www.xvdl.be\/fr\/#\/schema\/logo\/image\/"}}]}},"_links":{"self":[{"href":"https:\/\/www.xvdl.be\/fr\/wp-json\/wp\/v2\/pages\/593","targetHints":{"allow":["GET"]}}],"collection":[{"href":"https:\/\/www.xvdl.be\/fr\/wp-json\/wp\/v2\/pages"}],"about":[{"href":"https:\/\/www.xvdl.be\/fr\/wp-json\/wp\/v2\/types\/page"}],"author":[{"embeddable":true,"href":"https:\/\/www.xvdl.be\/fr\/wp-json\/wp\/v2\/users\/1"}],"replies":[{"embeddable":true,"href":"https:\/\/www.xvdl.be\/fr\/wp-json\/wp\/v2\/comments?post=593"}],"version-history":[{"count":1,"href":"https:\/\/www.xvdl.be\/fr\/wp-json\/wp\/v2\/pages\/593\/revisions"}],"predecessor-version":[{"id":2544,"href":"https:\/\/www.xvdl.be\/fr\/wp-json\/wp\/v2\/pages\/593\/revisions\/2544"}],"wp:attachment":[{"href":"https:\/\/www.xvdl.be\/fr\/wp-json\/wp\/v2\/media?parent=593"}],"wp:term":[{"taxonomy":"category","embeddable":true,"href":"https:\/\/www.xvdl.be\/fr\/wp-json\/wp\/v2\/categories?post=593"},{"taxonomy":"post_tag","embeddable":true,"href":"https:\/\/www.xvdl.be\/fr\/wp-json\/wp\/v2\/tags?post=593"}],"curies":[{"name":"wp","href":"https:\/\/api.w.org\/{rel}","templated":true}]}}

<p>L&rsquo;architecte Xavier Vanderlinden est régulièrement désigné par les tribunaux pour conduire des missions d&rsquo;expertise dans le domaine du bâtiment.</p>
<p>La construction est une activité peu industrialisée où le facteur humain est encore prépondérant. Même s&rsquo;il est noble, le facteur humain peut davantage causer des erreurs, des conflits&#8230; A travers la perception des conflits dans le bâtiment, l&rsquo;architecte Xavier Vanderlinden trouve un enseignement qui prémunit davantage sa propre clientèle à l&rsquo;encontre des erreurs dans le processus de construction.</p>
<p>Ayant reçu mission auprès des Tribunaux de Termonde, Alost, Bruxelles, Tournai, Gand et Liège, force est de constater que bon nombre de conflits trouvent leur origines dans des processus de constructions qui ont été élaborés sans contre-pouvoir, notamment dans le cadre de constructions contractées avec des promoteurs et des architectes quasi absents, des constructions avec plusieurs corps de métier mais sans chef d&rsquo;orchestre ou de coordinateur de travaux ou encore, des constructions avec des architectes mal rémunérés et qui ne contrôlent pas les travaux&#8230;</p>

<p>L&rsquo;architecte Xavier Vanderlinden est régulièrement désigné par les tribunaux pour conduire des missions d&rsquo;expertise dans le&#8230; <span class="moreLink"><a href="https://www.xvdl.be/fr/expertises-judiciaires/">+</a></span></p>

<!-- This site is optimized with the Yoast SEO plugin v27.5 - https://yoast.com/product/yoast-seo-wordpress/ -->
<title>Expertises judiciaires - Xavier Vanderlinden Architecte</title>
<meta name="robots" content="index, follow, max-snippet:-1, max-image-preview:large, max-video-preview:-1" />
<link rel="canonical" href="https://www.xvdl.be/fr/expertises-judiciaires/" />
<meta property="og:locale" content="fr_FR" />
<meta property="og:type" content="article" />
<meta property="og:title" content="Expertises judiciaires - Xavier Vanderlinden Architecte" />
<meta property="og:description" content="L&rsquo;architecte Xavier Vanderlinden est régulièrement désigné par les tribunaux pour conduire des missions d&rsquo;expertise dans le... +" />
<meta property="og:url" content="https://www.xvdl.be/fr/expertises-judiciaires/" />
<meta property="og:site_name" content="Xavier Vanderlinden Architecte" />
<meta property="article:modified_time" content="2024-02-26T12:50:46+00:00" />
<meta name="twitter:label1" content="Durée de lecture estimée" />
	<meta name="twitter:data1" content="1 minute" />
<script type="application/ld+json" class="yoast-schema-graph">{"@context":"https:\/\/schema.org","@graph":[{"@type":"WebPage","@id":"https:\/\/www.xvdl.be\/fr\/expertises-judiciaires\/","url":"https:\/\/www.xvdl.be\/fr\/expertises-judiciaires\/","name":"Expertises judiciaires - Xavier Vanderlinden Architecte","isPartOf":{"@id":"https:\/\/www.xvdl.be\/fr\/#website"},"datePublished":"2013-12-29T18:13:34+00:00","dateModified":"2024-02-26T12:50:46+00:00","breadcrumb":{"@id":"https:\/\/www.xvdl.be\/fr\/expertises-judiciaires\/#breadcrumb"},"inLanguage":"fr-FR","potentialAction":[{"@type":"ReadAction","target":["https:\/\/www.xvdl.be\/fr\/expertises-judiciaires\/"]}]},{"@type":"BreadcrumbList","@id":"https:\/\/www.xvdl.be\/fr\/expertises-judiciaires\/#breadcrumb","itemListElement":[{"@type":"ListItem","position":1,"name":"Home","item":"https:\/\/www.xvdl.be\/fr\/"},{"@type":"ListItem","position":2,"name":"Expertises judiciaires"}]},{"@type":"WebSite","@id":"https:\/\/www.xvdl.be\/fr\/#website","url":"https:\/\/www.xvdl.be\/fr\/","name":"Xavier Vanderlinden Architecte","description":"Bureau d&#039;étude en architecture classique et contemporaine","publisher":{"@id":"https:\/\/www.xvdl.be\/fr\/#organization"},"potentialAction":[{"@type":"SearchAction","target":{"@type":"EntryPoint","urlTemplate":"https:\/\/www.xvdl.be\/fr\/?s={search_term_string}"},"query-input":{"@type":"PropertyValueSpecification","valueRequired":true,"valueName":"search_term_string"}}],"inLanguage":"fr-FR"},{"@type":"Organization","@id":"https:\/\/www.xvdl.be\/fr\/#organization","name":"Xavier Vanderlinden Architecte","url":"https:\/\/www.xvdl.be\/fr\/","logo":{"@type":"ImageObject","inLanguage":"fr-FR","@id":"https:\/\/www.xvdl.be\/fr\/#\/schema\/logo\/image\/","url":"https:\/\/www.xvdl.be\/wp-content\/uploads\/2022\/08\/XVDL_fb-image.jpg","contentUrl":"https:\/\/www.xvdl.be\/wp-content\/uploads\/2022\/08\/XVDL_fb-image.jpg","width":1200,"height":630,"caption":"Xavier Vanderlinden Architecte"},"image":{"@id":"https:\/\/www.xvdl.be\/fr\/#\/schema\/logo\/image\/"}}]}</script>
<!-- / Yoast SEO plugin. -->

L&rsquo;architecte Xavier Vanderlinden est régulièrement désigné par les tribunaux pour conduire des missions d&rsquo;expertise dans le... +

Bureau d&#039;étude en architecture classique et contemporaine
